e
Is 104090333 a multiple of 3209?
True
Does 34 divide 3938766278?
True
Is 4847188500 a multiple of 550?
True
Does 114 divide 320854710?
True
Is 1731215604 a multiple of 7701?
True
Is 2649430500 a multiple of 62?
True
Is 6751270 a multiple of 259?
False
Does 510 divide 100297620?
True
Is 16705429 even?
False
Does 4 divide 238935652?
True
Does 19 divide 1950053?
False
Is 143682749 a multiple of 409?
False
Is 20730455 a multiple of 505?
False
Is 4 a factor of 2840008?
True
Is 105 a factor of 536073921?
False
Does 155 divide 19516371?
False
Does 17 divide 1512684089?
True
Is 19389977 a multiple of 26?
False
Is 129 a factor of 71411304?
True
Does 20 divide 6054562?
False
Is 1547274656 a multiple of 32?
True
Does 641 divide 346516429?
False
Does 24 divide 1621752912?
True
Does 3 divide 2834276?
False
Does 269 divide 106991253?
True
Does 13 divide 164417859?
False
Is 15 a factor of 40622070?
True
Is 3 a factor of 11698438?
False
Is 394661489 a multiple of 180?
False
Is 53280 a multiple of 36?
True
Does 323 divide 9023005?
True
Is 429 a factor of 236401150?
False
Is 872722097 a multiple of 13?
True
Is 105889501 a multiple of 390?
False
Does 72 divide 431711802?
False
Is 1266203073 a multiple of 6222?
False
Is 350 a factor of 48217050?
True
Is 57 a factor of 271231134?
False
Does 26 divide 39477204?
True
Does 2057 divide 643915809?
False
Does 143 divide 58809608?
True
Is 95 a factor of 47058915?
True
Is 1162 a factor of 26734064?
False
Is 4036938 a multiple of 159?
False
Is 1062 a factor of 321528996?
True
Does 4 divide 66380034?
False
Is 13 a factor of 227140056?
True
Is 4 a factor of 132513584?
True
Is 132242259 a multiple of 555?
False
Is 34207 a multiple of 61?
False
Does 189 divide 4619038284?
True
Is 69301650 a multiple of 15?
True
Does 1779 divide 3756688593?
False
Is 24500446 a multiple of 239?
False
Is 26 a factor of 2493579492?
False
Is 21 a factor of 11985962?
False
Is 560 a factor of 431310320?
True
Is 126129360 a multiple of 5790?
True
Is 10 a factor of 28042800?
True
Does 23 divide 644122019?
False
Is 5 a factor of 101866770?
True
Does 294 divide 398120394?
True
Is 39 a factor of 23392318?
False
Does 2370 divide 86554770?
True
Is 951915030 a multiple of 506?
True
Is 2 a factor of 347066281?
False
Is 195 a factor of 120369795?
True
Is 22827420 a multiple of 405?
True
Is 12 a factor of 2433113?
False
Does 83 divide 462981802?
True
Is 954087 a multiple of 31?
True
Is 643 a factor of 112235352?
False
Does 210 divide 28178220?
True
Is 24 a factor of 2207033448?
True
Is 3 a factor of 285810198?
True
Is 253252944 a multiple of 272?
True
Is 35713032 a multiple of 290?
False
Is 83254666 a multiple of 21?
False
Is 30 a factor of 21638490?
True
Is 609 a factor of 149709025?
False
Is 566555936 a multiple of 8?
True
Is 1001002321 a multiple of 10?
False
Is 59640326 a multiple of 181?
False
Does 71 divide 19023456?
True
Is 39 a factor of 567684731?
False
Does 246 divide 10040736?
True
Is 12 a factor of 56111100?
True
Does 1060 divide 146468394?
False
Does 21 divide 1254326?
False
Is 143 a factor of 226239807?
False
Is 180185787 a multiple of 26?
False
Does 75 divide 144434775?
True
Is 296757679 a multiple of 192?
False
Is 190 a factor of 6605557?
False
Is 4128867120 a multiple of 5560?
True
Is 101269778 a multiple of 14?
False
Is 1047288779 a multiple of 43?
True
Is 829 a factor of 99925173?
True
Does 82 divide 80220354?
True
Is 12611700 a multiple of 519?
True
Is 784650 a multiple of 15?
True
Is 75 a factor of 620281425?
True
Is 24188080 a multiple of 16?
True
Is 61657552 a multiple of 11?
True
Does 89 divide 130633061?
False
Is 271 a factor of 1079401130?
True
Is 30 a factor of 157114860?
True
Is 3545654 a multiple of 425?
False
Does 1045 divide 36116245?
True
Is 116201009 a multiple of 3?
False
Is 22 a factor of 21903088?
False
Is 1001545250 a multiple of 1075?
True
Does 200 divide 2092513200?
True
Is 2720 a factor of 590084621?
False
Is 20 a factor of 36141700?
True
Is 1439 a factor of 172314960?
False
Does 5 divide 657432?
False
Is 145154947 a multiple of 29?
True
Is 372927567 a multiple of 147?
False
Does 1749 divide 961196181?
True
Is 306 a factor of 2063360142?
True
Is 4365659213 a multiple of 41?
True
Is 67150122 a multiple of 982?
False
Is 49 a factor of 876834411?
False
Does 15 divide 106784446?
False
Is 305800103 a multiple of 2?
False
Does 1492 divide 44340748?
True
Is 34 a factor of 301413604?
True
Is 2840892 a multiple of 38?
False
Does 1544 divide 468718287?
False
Is 9978 a factor of 715153194?
True
Does 36 divide 4945289?
False
Does 31 divide 8572275?
True
Is 849582375 a multiple of 46?
False
Does 505 divide 127995216?
False
Does 675 divide 40846736?
False
Is 590 a factor of 811437030?
True
Is 1036799340 a multiple of 375?
False
Is 2096 a factor of 47478592?
True
Is 39811226 a multiple of 7?
True
Does 88 divide 969311?
False
Is 830 a factor of 483298333?
False
Does 72 divide 109061136?
True
Is 1852 a factor of 11058292?
True
Is 42 a factor of 30784891?
False
Is 702 a factor of 5031211?
False
Is 9 a factor of 2075491?
False
Does 7 divide 4636251?
False
Is 4331806416 a multiple of 14642?
True
Does 3 divide 153510456?
True
Does 1516 divide 2379881416?
False
Is 2214761 a multiple of 220?
False
Does 34 divide 1071374?
True
Is 901419664 a multiple of 113?
False
Is 1402566844 a multiple of 3599?
False
Is 5182 a factor of 293927536?
False
Is 962552 a multiple of 2?
True
Is 7305009448 a multiple of 22?
True
Is 112826328 a multiple of 12?
True
Is 14 a factor of 3742816?
True
Is 20 a factor of 71756201?
False
Is 13 a factor of 24639459?
True
Is 232 a factor of 27079040?
True
Is 238 a factor of 6680925?
False
Is 74355949 a multiple of 23?
False
Is 4823 a factor of 17793295?
False
Is 126 a factor of 2311661016?
True
Does 59 divide 7777911?
True
Is 375 a factor of 54355125?
True
Does 8 divide 569891802?
False
Does 491 divide 24674223?
True
Does 52 divide 120120476?
False
Is 372723456 a multiple of 574?
True
Is 396630629 a multiple of 39?
False
Is 16835940 a multiple of 990?
True
Does 13 divide 4143489318?
False
Does 728 divide 34997872?
True
Is 57480750 a multiple of 284?
False
Is 881603378 a multiple of 1414?
False
Is 1155 a factor of 128281230?
True
Is 2044467761 a multiple of 55?
False
Is 55384353 a multiple of 662?
False
Is 6325726 a multiple of 219?
False
Is 399295512 a multiple of 132?
True
Is 1072 a factor of 60206736?
True
Does 71 divide 520990261?
True
Is 12 a factor of 386313152?
False
Is 1347 a factor of 670968987?
True
Is 35 a factor of 166228978?
False
Does 3884 divide 202267068?
True
Does 23 divide 11301878?
True
Is 36795869 a multiple of 89?
False
Is 23 a factor of 6592553480?
True
Is 46 a factor of 57615918?
False
Is 13211957 a multiple of 4?
False
Is 139 a factor of 15224242?
False
Does 221 divide 393838487?
False
Is 7783677 even?
False
Is 4987916125 a multiple of 12455?
True
Does 14 divide 3290736932?
True
Is 4143708 a multiple of 94?
True
Does 1177 divide 914857383?
True
Is 19310562 a multiple of 1686?
False
Does 8 divide 583252953?
False
Is 2044263942 a multiple of 9049?
False
Is 344 a factor of 954431784?
True
Is 41 a factor of 109603487?
False
Does 720 divide 482099760?
True
Is 988366284 a multiple of 2589?
True
Does 64 divide 140161909?
False
Is 1895616350 a multiple of 25?
True
Is 17949477 a multiple of 3367?
True
Is 592 a factor of 16733472?
True
Is 8825230 a multiple of 94?
False
Is 5 a factor of 39584086?
False
Is 91278306 a multiple of 161?
True
Does 11 divide 202745884?
True
Does 2 divide 496871?
False
Is 263346550 a multiple of 115?
True
Is 989818 a multiple of 477?
False
Is 23 a factor of 418253758?
True
Does 123 divide 757027300?
False
Does 1919 divide 36921560?
True
Is 24161430 a multiple of 5?
True
Is 336141892 a multiple of 193?
False
Is 346 a factor of 25017530?
True
Is 3619 a factor of 399396459?
True
Does 6 divide 33781608?
True
Is 5601 a factor of 2428834443?
True
Is 3159000 a multiple of 156?
True
Is 22214856 a multiple of 12?
True
Is 5479 a factor of 3045310385?
True
Is 1721169 a multiple of 3?
True
Does 15 divide 44593878?
False
Does 67 divide 517599120?
True
Does 4345 divide 325244975?
True
Is 1163840179 a multiple of 44?
False
Does 8 divide 17084752?
True
Does 226 divide 40656142?
False
Is 479213810 